492?
5
What is the hundred thousands digit of 1660724?
6
What is the ten thousands digit of 5413898?
1
What is the ten thousands digit of 1278235?
7
What is the units digit of 175227?
7
What is the ten thousands digit of 542100?
4
What is the tens digit of 951947?
4
What is the hundred thousands digit of 636714?
6
What is the tens digit of 1036931?
3
What is the millions digit of 14574924?
4
What is the hundreds digit of 1072934?
9
What is the tens digit of 9742673?
7
What is the ten thousands digit of 226530?
2
What is the units digit of 217453?
3
What is the units digit of 1911915?
5
What is the hundreds digit of 272031?
0
What is the hundreds digit of 2023343?
3
What is the ten thousands digit of 137508?
3
What is the tens digit of 533734?
3
What is the hundred thousands digit of 603746?
6
What is the hundreds digit of 567636?
6
What is the ten thousands digit of 884120?
8
What is the hundred thousands digit of 179551?
1
What is the tens digit of 9035448?
4
What is the tens digit of 29976151?
5
What is the hundred thousands digit of 1459715?
4
What is the hundreds digit of 1333466?
4
What is the thousands digit of 321413?
1
What is the ten thousands digit of 9522841?
2
What is the hundred thousands digit of 2030361?
0
What is the ten thousands digit of 67125?
6
What is the units digit of 1307817?
7
What is the millions digit of 2697044?
2
What is the units digit of 6205653?
3
What is the millions digit of 13351259?
3
What is the ten thousands digit of 404641?
0
What is the hundreds digit of 213054?
0
What is the millions digit of 2716504?
2
What is the hundred thousands digit of 1011710?
0
What is the tens digit of 9246432?
3
What is the ten thousands digit of 540800?
4
What is the tens digit of 180065?
6
What is the tens digit of 186759?
5
What is the units digit of 1632635?
5
What is the hundreds digit of 4817062?
0
What is the millions digit of 7324745?
7
What is the hundreds digit of 63454?
4
What is the tens digit of 347308?
0
What is the hundreds digit of 232577?
5
What is the ten thousands digit of 2485504?
8
What is the hundred thousands digit of 4366811?
3
What is the ten thousands digit of 9968905?
6
What is the units digit of 178043?
3
What is the hundreds digit of 5891695?
6
What is the millions digit of 15326624?
5
What is the tens digit of 9040846?
4
What is the hundreds digit of 33109?
1
What is the thousands digit of 2863577?
3
What is the thousands digit of 5209270?
9
What is the ten thousands digit of 9868037?
6
What is the units digit of 324158?
8
What is the tens digit of 18946365?
6
What is the ten millions digit of 11690969?
1
What is the units digit of 283903?
3
What is the thousands digit of 8394184?
4
What is the units digit of 1585722?
2
What is the thousands digit of 99016?
9
What is the thousands digit of 4988495?
8
What is the millions digit of 13690439?
3
What is the tens digit of 1547475?
7
What is the hundred thousands digit of 2118790?
1
What is the hundred thousands digit of 2052141?
0
What is the thousands digit of 774093?
4
What is the millions digit of 1110164?
1
What is the units digit of 2467174?
4
What is the tens digit of 265098?
9
What is the tens digit of 8421714?
1
What is the hundreds digit of 26018606?
6
What is the units digit of 819320?
0
What is the ten thousands digit of 811205?
1
What is the hundreds digit of 23306?
3
What is the units digit of 763713?
3
What is the ten thousands digit of 2889492?
8
What is the thousands digit of 453229?
3
What is the tens digit of 230189?
8
What is the hundreds digit of 2089225?
2
What is the ten thousands digit of 5696947?
9
What is the thousands digit of 5133258?
3
What is the tens digit of 32503235?
3
What is the hundreds digit of 1561317?
3
What is the hundreds digit of 1658134?
1
What is the hundreds digit of 11275829?
8
What is the thousands digit of 804828?
4
What is the tens digit of 241500?
0
What is the thousands digit of 26791?
6
What is the thousands digit of 205967?
5
What is the thousands digit of 1340888?
0
What is the hundreds digit of 91707?
7
What is the tens digit of 933226?
2
What is the ten thousands digit of 459952?
5
What is the hundred thousands digit of 5737123?
7
What is the tens digit of 2858364?
6
What is the hundreds digit of 1267040?
0
What is the ten thousands digit of 1485004?
8
What is the hundred thousands digit of 460367?
4
What is the ten thousands digit of 12889908?
8
What is the hundred thousands digit of 983339?
9
What is the tens digit of 3988215?
1
What is the units digit of 376415?
5
What is the hundreds digit of 72797?
7
What is the ten thousands digit of 139791?
3
What is the hundreds digit of 1049577?
5
What is the hundreds digit of 23500649?
6
What is the units digit of 2542428?
8
What is the ten thousands digit of 6737849?
3
What is the ten thousands digit of 2724262?
2
What is the ten thousands digit of 272842?
7
What is the hundred thousands digit of 296025?
2
What is the thousands digit of 744008?
4
What is the hundred thousands digit of 393910?
3
What is the tens digit of 564019?
1
What is the ten thousands digit of 229949?
2
What is the hundreds digit of 1266220?
2
What is the tens digit of 1392760?
6
What is the hundred thousands digit of 12921697?
9
What is the tens digit of 3810273?
7
What is the thousands digit of 797480?
7
What is the hundred thousands digit of 888753?
8
What is the units digit of 212549?
9
What is the thousands digit of 692211?
2
What is the thousands digit of 40260?
0
What is the ten thousands digit of 7063191?
6
What is the thousands digit of 1672713?
2
What is the hundred thousands digit of 3520761?
5
What is the hundred thousands digit of 14425581?
4
What is the thousands digit of 556934?
6
What is the thousands digit of 556652?
6
What is the thousands digit of 4392593?
2
What is the tens digit of 2478932?
3
What is the hundreds digit of 2474094?
0
What is the millions digit of 3809645?
3
What is the thousands digit of 52004?
2
What is the hundred thousands digit of 359805?
3
What is the ten thousands digit of 40768?
4
What is the tens digit of 3851086?
8
What is the ten thousands digit of 319247?
1
What is the units digit of 267777?
7
What is the units digit of 3834137?
7
What is the tens digit of 468692?
9
What is the millions digit of 1384929?
1
What is the ten thousands digit of 637339?
3
What is the hundred thousands digit of 2870327?
8
What is the tens digit of 136056?
5
What is the tens digit of 428981?
8
What is the thousands digit of 1473267?
3
What is the thousands digit of 79447?
9
What is the hundreds digit of 115168?
1
What is the tens digit of 6953747?
4
What is the millions digit of 1012559?
1
What is the millions digit of 6847204?
6
What is the thousands digit of 312889?
2
What is the ten thousands digit of 7285369?
8
What is the hundreds digit of 2113707?
7
What is the hundreds digit of 1400407?
4
What is the tens digit of 279268?
6
What is the hundred thousands digit of 140265?
1
What is the hundred thousands digit of 250428?
2
What is the ten thousands digit of 2979039?
7
What is the ten thousands digit of 7367827?
6
What is the hundreds digit of 565739?
7
What is the tens digit of 440995?
9
What is the units digit of 700495?
5
What is the units digit of 3757047?
7
What is the units digit of 359247?
7
What is the ten thousands digit of 2339803?
3
What is the hundreds digit of 13745201?
2
What is the ten thousands digit of 4625827?
2
What is the tens digit of 854218?
1
What is the tens digit of 1296512?
1
What is the units digit of 2707780?
0
What is the thousands digit of 796305?
6
What is the millions digit of 3766648?
3
What is the hundreds digit of 10416104?
1
What is the units digit of 6138400?
0
What is the units digit of 67262?
2
What is the millions digit of 25030706?
5
What is the thousands digit of 16907217?
7
What is the units digit of 625429?
9
What is the units digit of 11268?
8
What is the units digit of 40173181?
1
What is the thousands digit of 6144330?
4
What is the thousands digit of 561792?
1
What is the tens digit of 534086?
8
What is the hundreds digit of 6122853?
8
What is the hundred thousands digit of 12959589?
9
What is the hundred thousands digit of 13761145?
7
What is the hundred thousands digit of 362434?
3
What is the hundred t